-45 = -s*i + 5*p. Is i a multiple of 3?
False
Let z(f) = 9*f - 1. Let l be -1*2*1/(-2). Let a be (-2 + 4 - l)/1. Does 6 divide z(a)?
False
Suppose 2*i = 2*o + 232, -5*i + 572 = 3*o - 4*o. Suppose -96 = -5*n + i. Is n a multiple of 14?
True
Suppose 5*h + 7 = 152. Suppose a = -2*g + 7*g + 11, 0 = -4*a + 5*g + 44. Let s = h + a. Is s a multiple of 12?
False
Let m(f) = 6*f**2 - 8*f + 4. Let c = 12 - 6. Let r be m(c). Suppose -r = -5*x - 12. Is x a multiple of 16?
True
Let c be (5 - 4)*(2 + -2). Suppose c = 5*h - 335 + 20. Suppose -2*y + d + 17 + 12 = 0, h = 4*y + 3*d. Is 15 a factor of y?
True
Let b(w) = w**3 + 7*w**2 + 6*w. Let d be b(-6). Let f(a) = -a**2 + 21. Is 12 a factor of f(d)?
False
Suppose -4*c = -5*f - 10, 8 = -c - 4*f - 0. Let d(g) = -g**3 + g**2 + 5. Let a be d(c). Suppose 0 = 5*z + 10, 2*j + 3*z + 24 = a*j. Does 6 divide j?
True
Let v(d) = -3*d**3 - 14*d**2 - 13*d + 3. Is 25 a factor of v(-6)?
True
Is 3 a factor of (12/(-7))/((-1)/7)?
True
Suppose 0 = -0*v + 3*v. Suppose v = -5*u + 5 + 10. Suppose 2*f + 28 = u*f. Is 14 a factor of f?
True
Let h be (-2 + 3 - -5) + -1. Suppose -h*r + r + 12 = -t, -3*t = 3*r - 24. Suppose t*o - 128 = -4*u, -7*o + 8*o - 137 = -4*u. Is u a multiple of 13?
False
Is (-5)/(-4)*-2*-12 a multiple of 10?
True
Let y(l) be the second derivative of l**6/720 + l**5/120 - l**4/6 - l. Let p(c) be the third derivative of y(c). Is p(7) a multiple of 4?
True
Suppose -2*t + 6*t = 288. Is 18 a factor of t?
True
Suppose -4*g + 6*k - 3*k + 83 = 0, -3*k = 2*g - 37. Is 4 a factor of g?
True
Let w = 25 + -12. Is 5 a factor of w?
False
Suppose 3*n - 2 = 4. Is n even?
True
Let r(u) = u**3 + u + 8. Is r(7) a multiple of 34?
False
Let m(s) = 7*s**2 - 7*s + 3. Is 15 a factor of m(3)?
True
Suppose 1711 = 3*p + 472. Is 71 a factor of p?
False
Suppose 4*j - r - 286 = 0, 3*j + 0*j + 5*r - 226 = 0. Does 12 divide j?
True
Let s(g) = -18*g**2 + g. Let w(t) = 19*t**2 - t. Let a(b) = -3*s(b) - 2*w(b). Let u(z) = -2*z**2 - 2*z - 1. Let c be u(-1). Is a(c) a multiple of 10?
False
Let p = 15 + -6. Let l be 54/15 - p/15. Suppose -l*z + 0*z + 12 = 0. Is 4 a factor of z?
True
Let q = -354 + 589. Is 19 a factor of q?
False
Let t = -4 - -9. Suppose 1 = -t*h - 5*y + 26, -2*h + 4*y - 20 = 0. Suppose 2*m + 2*c = 12, -m + 3 = -2*c - h*c. Is m a multiple of 5?
True
Let a = -156 + 466. Suppose a = -5*i - 60. Let t = i + 103. Is t a multiple of 18?
False
Let r(v) = v**3 - 10*v**2 - 12*v - 11. Is 8 a factor of r(12)?
False
Let w(z) = 3*z**2 - 3*z - 5. Is w(4) a multiple of 31?
True
Is 25 a factor of (-494)/(-14) - (-4)/(-14)?
False
Suppose -y + i + 38 + 1 = 0, -5*y - 3*i + 227 = 0. Does 23 divide y?
False
Let p = -64 + 409. Is 23 a factor of p?
True
Let b be 1/(((-4)/(-48))/(-1)). Let i(h) = -5*h - 12. Does 23 divide i(b)?
False
Suppose -68 = 2*g - 4*g. Let u = g - 18. Does 12 divide u?
False
Suppose 4*b = 0, -5*l + 3*b + 81 = -2*l. Is 5 a factor of l?
False
Let c(g) be the second derivative of g**5/20 - 2*g**4/3 - 7*g**3/6 + 3*g**2/2 + 2*g. Let p be c(9). Let h = p + -9. Is 12 a factor of h?
True
Let s(w) = w**3 + 3*w**2 - 5*w - 3. Suppose -10 = -4*u - 2*m, 3*u = -6*m + m + 11. Let p = u - 5. Is s(p) a multiple of 5?
False
Let w(q) = -2*q - 8. Let i be w(-6). Let g(l) = l**3 + 6*l**2 - 2*l - 4. Let a be g(-6). Is 10 a factor of 218/a + i/(-16)?
False
Suppose -244 = -5*s - 4*m - 22, 0 = 2*s - 2*m - 78. Let z = -14 + s. Is 7 a factor of z?
True
Suppose -h + 3*h = 4*r - 18, 3*h = -15. Let s be 8/16 + (-1)/r. Suppose 4*t = -0*t + 2*f + 44, -f = s. Is t a multiple of 11?
True
Let v = -29 - -14. Let t = -1 - v. Is t a multiple of 6?
False
Let n be 54*(-6)/(-4) - -3. Suppose -q + n = 2*q. Is 13 a factor of q?
False
Let h(j) = j**3 - j**2 + j + 4. Let f be h(3). Let w = f + -18. Is 3 a factor of w?
False
Suppose h + 4*h = -25, 5*h = x - 67. Is 21 a factor of x?
True
Let x(t) = -t**3 - 3*t**2 - t + 6. Is 2 a factor of x(-3)?
False
Let u(d) = d + 37. Is 2 a factor of u(-20)?
False
Suppose 4*h + h = 595. Is 19 a factor of h?
False
Suppose 5*z = 3 + 17. Suppose s + 4 = 0, 6*f = 2*f - z*s + 140. Is 13 a factor of f?
True
Suppose -3*v - 3*r = 0, -4 = v + 3*v + 2*r. Let q = v + 11. Suppose n - 4*t - q = 0, n + t - 39 = -t. Is 11 a factor of n?
False
Let h be ((-6)/(-8))/((-1)/(-36)). Let r = 0 + h. Is 27 a factor of r?
True
Let y = 9 - -3. Is 12 a factor of y?
True
Let h = 1 - -1. Let r(n) = -5*n - 1. Let z be r(h). Does 14 divide (z/2)/((-1)/8)?
False
Suppose -3*q = -q - 10. Suppose n = -2 + q. Suppose 4*f = n*c - 2, -f = -c - 1 + 3. Is 6 a factor of c?
True
Suppose -2*r - 3*r = -150. Does 10 divide r?
True
Let r(l) = 5*l + 12. Suppose -3*h = -4*h - 5, 2*u - 5*h = 33. Is r(u) a multiple of 8?
True
Suppose 0 = -4*k - 2*m + 50, -2*m = k - 3*m - 11. Let h be ((-24)/10)/(3/(-120)). Suppose -h = -4*z + k. Is z a multiple of 15?
False
Let z(k) = -10*k**2 + 6*k + 5. Let o(x) = -19*x**2 + 13*x + 11. Let t(q) = 6*o(q) - 13*z(q). Is 17 a factor of t(-1)?
True
Let z be 0 + -1 + 6 + -2. Is 10/((-1 + z)*1) a multiple of 5?
True
Suppose -2*d = -4*t + 2*t - 180, 0 = 4*d - 5*t - 358. Is 16 a factor of d?
False
Let p(l) = -l**3 + 4*l**2 + 12*l - 6. Is p(5) a multiple of 22?
False
Suppose -4 + 0 = -a. Let w(m) = -m**3 + 4*m**2 + m - 2. Does 2 divide w(a)?
True
Let y(n) = n**2 + 5*n + 9. Is 14 a factor of y(-6)?
False
Let l = 1 + -10. Let m be 6/l*1*-60. Suppose 0 = 4*b - 2*b + 3*w - m, 0 = -2*b + 2*w + 20. Does 6 divide b?
False
Let c(j) = 5 + 1 + 9*j - 4 + 0*j. Let h = 1 + 1. Is c(h) a multiple of 7?
False
Suppose -a - 3*a = -8. Suppose -4 - a = -b. Does 11 divide (-219)/(-6) + 3/b?
False
Let u(q) = q**3 - q**2 - q + 2. Let l be u(2). Suppose -b + 34 = l*t, 26 - 8 = 2*b - 2*t. Does 5 divide 74/b + 8/(-28)?
True
Let g = 223 + -142. Suppose g = i + p, -251 = -3*i - 6*p + p. Is i a multiple of 23?
False
Let n = 134 - 94. Is 5 a factor of n?
True
Let f(d) = 7*d - 1. Let k be f(4). Let r = -10 + k. Is r a multiple of 11?
False
Let c(x) = x**3 - x**2 - 4. Let o = 7 - 3. Let m be c(o). Let w = m - 17. Is 10 a factor of w?
False
Let m = 174 - 78. Is 8 a factor of m?
True
Let f(w) be the third derivative of -23*w**4/24 - w**2. Does 10 divide f(-2)?
False
Is (1/(-1))/(5/(-265)) a multiple of 17?
False
Suppose k + 4 = -h - 2*k, 3*h - 9 = -2*k. Suppose 0 = -v - j + 2, -h*v + j + j = -45. Let i = v - 2. Is i a multiple of 5?
True
Suppose -15 = s + 5*z - 0*z, 0 = 4*s - 5*z - 15. Let k(g) = g**2 + g + 7. Is k(s) a multiple of 2?
False
Suppose 2*i = -0*i - 2*h - 48, h = i + 20. Let g = 38 + i. Does 16 divide g?
True
Let w be (5/(-2))/(1/(-2)). Suppose -5 + 2 = w*v - q, -2*v - 2*q = -6. Suppose v = -5*u + 25, -4*z - 4*u = -2*z - 84. Does 13 divide z?
False
Let a(k) = 43*k - 4. Let g be a(4). Let c(t) = t - 2. Let m be c(6). Suppose 0 = -4*q + o - 5*o + g, 4*o + 144 = m*q. Is 13 a factor of q?
True
Suppose -5*s + 102 = 3*u, u = -2*s - 0*u + 41. Let l be 1*33*(2 + -1). Let q = l - s. Does 7 divide q?
False
Suppose 3 = 3*d - 3. Is 23 a factor of (-1113)/(-49) + d/7?
True
Let o = -164 + 290. Does 25 divide o?
False
Let c(h) = -2*h**3 - 3*h**2. Let s(t) = -t**2 + 9*t - 3. Let a be s(9). Let m be a/(-2)*(0 + -2). Is 16 a factor of c(m)?
False
Let p be (-115 + -14)*(-2)/3. Suppose -3*x = -p - 13. Is x a multiple of 6?
False
Let b = -1 - -5. Suppose b*a - 44 = -0*a. Does 3 divide a?
False
Let x(r) = -2*r**3 + 11*r**2 - 8*r + 9. Let c be x(7). Let m = -28 - c. Suppose -34 = -f - t - 0*t, 2*t + m = 4*f. Is 19 a factor of f?
False
Suppose -2*c = 2*w - 178, -93 = -w + 3*c - 8*c. Is 22 a factor of w?
True
Let d(l) = -l**2 - 11*l - 2. Let m be d(-10). Does 9 divide (m + -7)/(1/23)?
False
Suppose 5*j + 5*p + 375 = 0, 0 = 2*p - 1 - 1. Let o = j - -120. Is o a multiple of 19?
False
Suppose 0 = 4*t - 12, 3*t - 16 = -5*v + t. Suppose 4*q - v*q - 120 = -3*s, -4*s - q = -155. Is s a multiple of 12?
False
Suppose -13*f + 306 = -11*f. Is 33 a factor of f?
False
Suppose -5*f - 256 = -3*u - 815, -3*f = 5*u - 349. Is f a multiple of 21?
False
Suppose -3*v - 2*v + 5 = 0, -5*v = 5*x - 10. Suppose -4*l + 7 = -x. Does 2 divide l?
True
Suppose -5*i + 33 = 13. Is 13 a factor of (-125)/(-2) + i/8?
False
Let l = 108 + 101. Is l a multiple of 31?
False
Suppose -r + 2 = -43. Is 15 a factor of r?
True
Let u(v) = -v**3 - 6*v**2 + v +